2?
True
Does 40 divide 1880?
True
Does 10 divide 501?
False
Is 6 a factor of 4304?
False
Is 4325 a multiple of 5?
True
Is 1130 a multiple of 26?
False
Is 12300 a multiple of 150?
True
Is 14573 a multiple of 34?
False
Does 7 divide 24643?
False
Is 20 a factor of 720?
True
Is 1650 a multiple of 55?
True
Does 14 divide 38882?
False
Is 19 a factor of 786?
False
Does 34 divide 1224?
True
Is 14 a factor of 476?
True
Is 13 a factor of 43867?
False
Does 13 divide 7555?
False
Does 68 divide 3808?
True
Is 39 a factor of 2496?
True
Is 1944 a multiple of 81?
True
Is 513 a multiple of 9?
True
Is 88 a multiple of 11?
True
Is 21921 a multiple of 150?
False
Is 49 a multiple of 8?
False
Is 3750 a multiple of 75?
True
Is 2537 a multiple of 25?
False
Is 2708 a multiple of 7?
False
Is 185 a multiple of 2?
False
Is 21666 a multiple of 51?
False
Is 284 a multiple of 4?
True
Does 189 divide 13230?
True
Does 13 divide 825?
False
Is 245 a multiple of 2?
False
Is 40 a factor of 1440?
True
Is 564 a multiple of 95?
False
Does 12 divide 6756?
True
Does 52 divide 1054?
False
Is 4320 a multiple of 87?
False
Does 37 divide 2738?
True
Is 3131 a multiple of 12?
False
Does 36 divide 485?
False
Does 21 divide 40616?
False
Does 46 divide 2438?
True
Does 33 divide 495?
True
Does 106 divide 37736?
True
Does 43 divide 645?
True
Does 34 divide 1598?
True
Does 18 divide 13829?
False
Is 16130 a multiple of 178?
False
Is 15 a factor of 90?
True
Is 2553 a multiple of 23?
True
Does 48 divide 16391?
False
Is 132 a factor of 7392?
True
Does 28 divide 2576?
True
Is 5512 a multiple of 8?
True
Is 71 a factor of 23359?
True
Is 8 a factor of 4032?
True
Is 57 a factor of 11001?
True
Is 609 a multiple of 11?
False
Is 462 a multiple of 14?
True
Does 24 divide 34585?
False
Is 61504 a multiple of 62?
True
Is 3 a factor of 8133?
True
Does 19 divide 8702?
True
Is 5 a factor of 250?
True
Is 6560 a multiple of 16?
True
Does 18 divide 21343?
False
Does 27 divide 143863?
False
Is 11 a factor of 406?
False
Is 49 a factor of 728?
False
Is 1775 a multiple of 10?
False
Is 10 a factor of 1540?
True
Is 61 a factor of 40907?
False
Is 3 a factor of 284?
False
Is 176 a multiple of 24?
False
Does 17 divide 1479?
True
Is 1278 a multiple of 25?
False
Is 7 a factor of 882?
True
Is 4254 a multiple of 58?
False
Is 5640 a multiple of 12?
True
Does 4 divide 230?
False
Is 10695 a multiple of 157?
False
Is 57104 a multiple of 214?
False
Does 13 divide 754?
True
Is 12380 a multiple of 49?
False
Is 52 a factor of 1067?
False
Does 33 divide 11121?
True
Is 1680 a multiple of 35?
True
Is 4982 a multiple of 47?
True
Does 43 divide 6660?
False
Is 7 a factor of 511?
True
Is 97 a factor of 7828?
False
Is 25549 a multiple of 99?
False
Does 13 divide 9854?
True
Does 75 divide 46278?
False
Does 19 divide 3211?
True
Is 14501 a multiple of 244?
False
Does 9 divide 84080?
False
Does 14 divide 33717?
False
Is 9072 a multiple of 14?
True
Is 1004 a multiple of 26?
False
Does 15 divide 1530?
True
Does 44 divide 597?
False
Is 18 a factor of 17100?
True
Does 11 divide 178?
False
Does 4 divide 385?
False
Is 20 a factor of 29140?
True
Does 7 divide 4242?
True
Is 29 a factor of 985?
False
Is 3699 a multiple of 21?
False
Is 23808 a multiple of 16?
True
Is 115 a factor of 690?
True
Is 17 a factor of 16847?
True
Is 106 a multiple of 9?
False
Does 33 divide 4661?
False
Does 35 divide 140?
True
Is 2805 a multiple of 85?
True
Is 12 a factor of 51569?
False
Is 100 a multiple of 2?
True
Is 187 a multiple of 21?
False
Does 18 divide 28710?
True
Is 1125 a multiple of 25?
True
Does 13 divide 794?
False
Does 63 divide 34965?
True
Is 96 a factor of 3095?
False
Is 20698 a multiple of 35?
False
Does 7 divide 239?
False
Is 272 a multiple of 8?
True
Is 16177 a multiple of 42?
False
Is 298 even?
True
Does 17 divide 36562?
False
Is 140 a factor of 16899?
False
Does 8 divide 4423?
False
Does 6 divide 810?
True
Is 12842 a multiple of 101?
False
Does 54 divide 2190?
False
Does 30 divide 1424?
False
Does 14 divide 3144?
False
Is 32618 a multiple of 28?
False
Is 131688 a multiple of 18?
True
Does 25 divide 16027?
False
Is 14822 a multiple of 15?
False
Is 118 a factor of 14518?
False
Does 87 divide 3048?
False
Is 2074 a multiple of 39?
False
Does 28 divide 1348?
False
Is 4 a factor of 19312?
True
Is 38 a factor of 3078?
True
Is 629 a multiple of 37?
True
Is 994 a multiple of 71?
True
Is 60 a factor of 13680?
True
Is 7 a factor of 171?
False
Is 5 a factor of 705?
True
Is 4289 a multiple of 43?
False
Is 109 a multiple of 2?
False
Does 56 divide 5264?
True
Is 109 a multiple of 4?
False
Is 2065 a multiple of 35?
True
Is 12475 a multiple of 32?
False
Does 47 divide 2585?
True
Does 60 divide 540?
True
Is 38 a factor of 10055?
False
Is 3 a factor of 377?
False
Does 16 divide 3690?
False
Is 32 a multiple of 16?
True
Is 2226 a multiple of 21?
True
Does 8 divide 210?
False
Is 1113 a multiple of 21?
True
Does 43 divide 16383?
True
Does 14 divide 2277?
False
Does 10 divide 680?
True
Does 195 divide 40643?
False
Is 38 a multiple of 2?
True
Does 106 divide 14840?
True
Is 570 a multiple of 19?
True
Is 19 a factor of 8037?
True
Is 12216 a multiple of 6?
True
Is 6825 a multiple of 105?
True
Is 31 a factor of 10055?
False
Does 13 divide 3184?
False
Does 17 divide 272?
True
Does 11 divide 396?
True
Is 23 a factor of 405?
False
Does 37 divide 393?
False
Does 33 divide 1287?
True
Does 25 divide 765?
False
Is 68 a factor of 8009?
False
Does 11 divide 880?
True
Does 69 divide 41055?
True
Is 7146 a multiple of 104?
False
Is 145 a multiple of 22?
False
Does 64 divide 9856?
True
Is 22 a factor of 1584?
True
Is 178 a factor of 16198?
True
Is 2232 a multiple of 93?
True
Is 89 a factor of 7387?
True
Does 55 divide 825?
True
Is 504 a multiple of 24?
True
Does 8 divide 701?
False
Is 74 a multiple of 2?
True
Is 5 a factor of 148?
False
Is 8395 a multiple of 33?
False
Is 9 a factor of 243?
True
Is 4 a factor of 776?
True
Does 20 divide 2160?
True
Does 5 divide 1410?
True
Does 4 divide 1140?
True
Is 5 a factor of 124?
False
Is 810 a multiple of 65?
False
Is 13 a factor of 170?
False
Is 2089 a multiple of 85?
False
Is 21 a factor of 798?
True
Is 48 a factor of 4128?
True
Is 70960 a multiple of 10?
True
Is 3040 a multiple of 16?
True
Is 15809 a multiple of 13?
False
Does 7 divide 5032?
False
Is 31 a factor of 2790?
True
Does 62 divide 1886?
False
Is 410 a multiple of 16?
False
Is 18 a factor of 1065?
False
Is 33 a factor of 588?
False
Is 83 a factor of 4980?
True
Is 16 a factor of 1376?
True
Does 30 divide 840?
True
Does 32 divide 55?
False
Does 16 divide 32?
True
Is 39 a factor of 21152?
False
Does 3 divide 90?
True
Is 13 a factor of 5226?
True
Is 608 a multiple of 76?
True
Is 14 a factor of 9918?
False
Does 9 divide 2975?
False
Is 1650 a multiple of 66?
True
Is 27 a factor of 355?
False
Is 256 a multiple of 16?
True
Is 21 a factor of 11761?
False
Is 24 a factor of 2324?
False
Is 3936 a multiple of 123?
True
Is 3 a factor of 5606?
False
Does 2 divide 878?
True
Is 43344 a multiple of 58?
False
Does 47 divide 736?
False
Is 3003 a multiple of 34?
False
Is 3566 a multiple of 132?
False
Is 15521 a multiple of 11?
True
Is 22 a factor of 18678?
True
Does 13 divide 26?
True
Is 62 a factor of 567?
False
Is 45 a multiple of 15?
True
Is 3858 a multiple of 25?
False
Is 2139 a multiple of 19?
False
Is 1240 a multiple of 92?
False
Is 1171 a multiple of 12?
False
Does 3 divide 1869?
True
Is 54 a factor of 33721?
False
Does 12 divide 83964?
True
Does 29 divide 357?
False
Does 18 divide 383?
False
Is 13 a factor of 23387?
True
Is 2490 a multiple of 30?
True
Is 12 a factor of 1027?
False
Does 34 divide 8255?
False
Does 12 divide 257?
False
Does 70 divide 3945?
False
Is 2241 a multiple of 36?
False
Is 136 a multiple of 8?
True
Is 4000 a multiple of 60?
False
Does 16 divide 12030?
False
Is 65 a factor of 1612?
False
Is 588 a multiple of 21?
True
Does 82 divide 42640?
True
Does 10 divide 5840?
True
Is 8 a factor of 1134?
False
Does 50 divide 2403?
False
Is 5 a factor of 135?
True
Is 381 a multiple of 13?
False
Is 27 a factor of 7772?
False
Is 33 a factor of 2871?
True
Is 172 a factor of 116553?
False
Does 38 divide 9006?
True
Is 13 a factor of 2782?
True
Is 31944 a multiple of 6?
True
Is 21 a factor of 47754?
True
Is 39 a 